lculate the highest common divisor of 146 and 219.
73
Calculate the highest common divisor of 288 and 216.
72
Calculate the greatest common divisor of 261 and 9.
9
What is the greatest common factor of 9263 and 314?
157
What is the greatest common factor of 22 and 34?
2
What is the highest common divisor of 427 and 35?
7
Calculate the greatest common divisor of 3080 and 110.
110
Calculate the greatest common divisor of 1 and 3203.
1
Calculate the highest common factor of 651 and 294.
21
What is the highest common factor of 2726 and 188?
94
What is the greatest common factor of 989 and 23?
23
Calculate the greatest common factor of 17 and 51.
17
Calculate the highest common divisor of 1998 and 54.
54
Calculate the highest common divisor of 31 and 31.
31
What is the greatest common factor of 338 and 52?
26
What is the greatest common factor of 60 and 1090?
10
What is the highest common factor of 7 and 1106?
7
What is the greatest common divisor of 1903 and 519?
173
Calculate the greatest common divisor of 425 and 17.
17
What is the highest common divisor of 315 and 3015?
45
What is the highest common factor of 2187 and 162?
81
What is the greatest common factor of 12 and 50484?
12
Calculate the greatest common factor of 40 and 260.
20
Calculate the highest common divisor of 7147 and 7.
7
Calculate the highest common divisor of 900 and 20.
20
What is the highest common divisor of 222 and 114?
6
Calculate the highest common factor of 32 and 4792.
8
Calculate the greatest common divisor of 495 and 45.
45
What is the greatest common factor of 119 and 4403?
119
What is the greatest common factor of 361 and 513?
19
Calculate the highest common factor of 798 and 42.
42
What is the highest common divisor of 388 and 4?
4
Calculate the greatest common factor of 15 and 12.
3
What is the highest common factor of 774 and 1806?
258
What is the greatest common factor of 50 and 430?
10
What is the greatest common factor of 10 and 6590?
10
What is the greatest common factor of 318 and 106?
106
Calculate the highest common factor of 595 and 255.
85
Calculate the highest common factor of 4 and 124.
4
Calculate the highest common factor of 14 and 2779.
7
What is the highest common factor of 130 and 10?
10
What is the greatest common divisor of 48 and 1904?
16
Calculate the highest common divisor of 7 and 1.
1
What is the highest common factor of 216 and 540?
108
What is the greatest common divisor of 32 and 2424?
8
What is the greatest common factor of 62 and 2201?
31
Calculate the greatest common factor of 287 and 123.
41
What is the greatest common divisor of 5 and 5?
5
What is the greatest common divisor of 19 and 3287?
19
Calculate the highest common divisor of 90 and 3132.
18
Calculate the greatest common divisor of 567 and 77.
7
What is the greatest common divisor of 731 and 43?
43
What is the greatest common factor of 2682 and 78?
6
Calculate the highest common divisor of 20 and 595.
5
What is the highest common divisor of 1215 and 189?
27
What is the greatest common divisor of 96 and 1788?
12
What is the greatest common factor of 17 and 35?
1
Calculate the greatest common divisor of 35301 and 369.
123
What is the greatest common divisor of 79 and 237?
79
Calculate the greatest common factor of 2410 and 10.
10
Calculate the greatest common divisor of 198 and 72.
18
What is the highest common factor of 167 and 44923?
167
What is the greatest common divisor of 2 and 11?
1
What is the highest common divisor of 1027 and 79?
79
Calculate the highest common divisor of 64 and 696.
8
Calculate the greatest common divisor of 147 and 2709.
21
Calculate the greatest common divisor of 12 and 2532.
12
What is the greatest common factor of 90 and 1920?
30
What is the greatest common factor of 9 and 153?
9
Calculate the greatest common divisor of 17 and 1037.
17
Calculate the greatest common divisor of 16 and 32.
16
What is the highest common factor of 216 and 2700?
108
What is the highest common factor of 150 and 5475?
75
What is the greatest common divisor of 108 and 16?
4
What is the highest common factor of 14 and 6398?
14
What is the highest common factor of 861 and 533?
41
Calculate the greatest common factor of 1792 and 28.
28
What is the highest common factor of 297 and 22?
11
What is the greatest common divisor of 20 and 30?
10
What is the greatest common divisor of 28 and 560?
28
Calculate the greatest common factor of 46 and 74.
2
Calculate the greatest common divisor of 22 and 407.
11
What is the highest common divisor of 19 and 931?
19
What is the greatest common divisor of 1 and 25?
1
What is the greatest common factor of 2 and 54?
2
Calculate the greatest common divisor of 846 and 54.
18
Calculate the highest common divisor of 192 and 48.
48
Calculate the greatest common divisor of 56 and 63.
7
Calculate the greatest common factor of 38 and 5016.
38
Calculate the greatest common divisor of 48 and 36.
12
Calculate the highest common divisor of 548 and 16.
4
Calculate the highest common factor of 9125 and 73.
73
Calculate the greatest common factor of 100 and 800.
100
Calculate the greatest common divisor of 3450 and 46.
46
Calculate the greatest common factor of 108 and 4.
4
What is the greatest common factor of 6980 and 20?
20
Calculate the highest common divisor of 45 and 255.
15
What is the greatest common factor of 18 and 339?
3
What is the highest common divisor of 109 and 981?
109
Calculate the highest common divisor of 142 and 4757.
71
Calculate the greatest common factor of 14530 and 10.
10
What is the greatest common divisor of 89 and 5?
1
What is the highest common divisor of 321 and 2140?
107
What is the highest common divisor of 17 and 2?
1
Calculate the highest common factor of 288 and 1568.
32
What is the highest common factor of 588 and 4?
4
Calculate the greatest common divisor of 28 and 10556.
28
Calculate the greatest common divisor of 69 and 48.
3
Calculate the greatest common factor of 21 and 777.
21
Calculate the greatest common divisor of 345 and 920.
115
What is the greatest common factor of 319 and 87?
29
Calculate the greatest common divisor of 6020 and 16.
4
What is the highest common divisor of 893 and 19?
19
What is the greatest common factor of 1 and 3?
1
What is the greatest common factor of 24 and 80?
8
Calculate the highest common factor of 2128 and 32.
16
Calculate the highest common factor of 82 and 3731.
41
Calculate the highest common divisor of 5 and 31.
1
What is the greatest common divisor of 4408 and 1044?
116
What is the greatest common factor of 60 and 940?
20
Calculate the highest common divisor of 5852 and 462.
154
Calculate the greatest common factor of 23139 and 54.
27
Calculate the highest common factor of 240 and 2080.
80
Calculate the highest common factor of 777 and 48.
3
Calculate the highest common factor of 3 and 2757.
3
What is the highest common factor of 6 and 34?
2
What is the greatest common divisor of 943 and 46?
23
What is the greatest common factor of 638 and 66?
22
Calculate the highest common divisor of 7 and 5397.
7
What is the greatest common factor of 1450 and 50?
50
What is the highest common factor of 286 and 26?
26
Calculate the greatest common divisor of 3 and 2064.
3
What is the greatest common factor of 8 and 154?
2
Calculate the highest common factor of 53115 and 15.
15
Calculate the greatest common factor of 36310 and 10.
10
What is the highest common divisor of 3538 and 58?
58
What is the highest common factor of 180 and 276?
12
What is the highest common factor of 1680 and 3570?
210
Calculate the greatest common factor of 46 and 1541.
23
What is the highest common divisor of 51 and 1887?
51
What is the highest common factor of 44 and 5?
1
Calculate the greatest common divisor of 1184 and 185.
37
What is the highest common factor of 96 and 4308?
12
Calculate the highest common factor of 10 and 1370.
10
Calculate the highest common divisor of 1003 and 17.
17
What is the highest common divisor of 1403 and 305?
61
Calculate the highest common divisor of 111 and 740.
37
What is the highest common factor of 110 and 8261?
11
Calculate the greatest common factor of 57 and 114.
57
What is the highest common divisor of 224 and 224?
224
Calculate the greatest common factor of 1 and 168.
1
W